{"id":37,"date":"2019-06-26T13:54:20","date_gmt":"2019-06-26T11:54:20","guid":{"rendered":"http:\/\/uff.pgfun.de\/?page_id=37"},"modified":"2020-05-24T16:06:55","modified_gmt":"2020-05-24T14:06:55","slug":"impressum","status":"publish","type":"page","link":"https:\/\/uff.pgfun.de\/index.php\/impressum\/","title":{"rendered":"Impressum"},"content":{"rendered":"\n<p><strong>Angaben gem\u00e4\u00df \u00a7 5 TMG<\/strong><\/p>\n\n\n\n<p>UFF n.e.V<br><strong>U<\/strong>huru &#8211; <strong>F<\/strong>reedom &#8211; <strong>F<\/strong>reiheit<\/p>\n\n\n\n<p>Rahmedestra\u00dfe 127c<br>58762 Altena<\/p>\n\n\n\n<h3>Kontakt:<\/h3>\n\n\n\n<p>info@power-group.de<br>0176 995 795 43<\/p>\n\n\n\n<h3>Vertreten durch:<\/h3>\n\n\n\n<p>Muss noch gefunden werden<\/p>\n\n\n\n<h3><strong>Verantwortliche f\u00fcr redaktionelle Inhalte<\/strong><\/h3>\n\n\n\n<p>J\u00fcrgen R\u00f6hm<\/p>\n","protected":false},"excerpt":{"rendered":"<p>Angaben gem\u00e4\u00df \u00a7 5 TMG UFF n.e.VUhuru &#8211; Freedom &#8211; Freiheit Rahmedestra\u00dfe 127c58762 Altena Kontakt: info@power-group.de0176 995 795 43 Vertreten durch: Muss noch gefunden werden Verantwortliche f\u00fcr redaktionelle Inhalte J\u00fcrgen R\u00f6hm<\/p>\n","protected":false},"author":1,"featured_media":0,"parent":0,"menu_order":0,"comment_status":"closed","ping_status":"closed","template":"","meta":[],"_links":{"self":[{"href":"https:\/\/uff.pgfun.de\/index.php\/wp-json\/wp\/v2\/pages\/37"}],"collection":[{"href":"https:\/\/uff.pgfun.de\/index.php\/wp-json\/wp\/v2\/pages"}],"about":[{"href":"https:\/\/uff.pgfun.de\/index.php\/wp-json\/wp\/v2\/types\/page"}],"author":[{"embeddable":true,"href":"https:\/\/uff.pgfun.de\/index.php\/wp-json\/wp\/v2\/users\/1"}],"replies":[{"embeddable":true,"href":"https:\/\/uff.pgfun.de\/index.php\/wp-json\/wp\/v2\/comments?post=37"}],"version-history":[{"count":4,"href":"https:\/\/uff.pgfun.de\/index.php\/wp-json\/wp\/v2\/pages\/37\/revisions"}],"predecessor-version":[{"id":202,"href":"https:\/\/uff.pgfun.de\/index.php\/wp-json\/wp\/v2\/pages\/37\/revisions\/202"}],"wp:attachment":[{"href":"https:\/\/uff.pgfun.de\/index.php\/wp-json\/wp\/v2\/media?parent=37"}],"curies":[{"name":"wp","href":"https:\/\/api.w.org\/{rel}","templated":true}]}}